{"id":12,"date":"2025-03-06T16:36:01","date_gmt":"2025-03-06T16:36:01","guid":{"rendered":"https:\/\/fundalid.nuna.tech\/?page_id=12"},"modified":"2025-04-03T15:00:43","modified_gmt":"2025-04-03T15:00:43","slug":"inicio","status":"publish","type":"page","link":"https:\/\/fundalid.nuna.tech\/","title":{"rendered":"Inicio"},"content":{"rendered":"\t\t<div data-elementor-type=\"wp-page\" data-elementor-id=\"12\" class=\"elementor elementor-12\" data-elementor-post-type=\"page\">\n\t\t\t\t<div class=\"elementor-element elementor-element-92e68cb e-con-full e-flex e-con e-parent\" data-id=\"92e68cb\" data-element_type=\"container\" data-settings=\"{&quot;background_background&quot;:&quot;classic&quot;}\">\n\t\t<div class=\"elementor-element elementor-element-b8b49b3 e-con-full e-flex e-con e-child\" data-id=\"b8b49b3\" data-element_type=\"container\" data-settings=\"{&quot;background_background&quot;:&quot;classic&quot;,&quot;background_motion_fx_motion_fx_mouse&quot;:&quot;yes&quot;,&quot;background_motion_fx_mouseTrack_effect&quot;:&quot;yes&quot;,&quot;background_motion_fx_mouseTrack_speed&quot;:{&quot;unit&quot;:&quot;px&quot;,&quot;size&quot;:0.200000000000000011102230246251565404236316680908203125,&quot;sizes&quot;:[]}}\">\n\t\t<div class=\"elementor-element elementor-element-6a0ff82 e-con-full e-flex e-con e-child\" data-id=\"6a0ff82\" data-element_type=\"container\">\n\t\t<div class=\"elementor-element elementor-element-dc3aa7d e-con-full e-flex e-con e-child\" data-id=\"dc3aa7d\" data-element_type=\"container\">\n\t\t\t\t<div class=\"elementor-element elementor-element-85fdb96 elementor-widget elementor-widget-heading\" data-id=\"85fdb96\" data-element_type=\"widget\" data-widget_type=\"heading.default\">\n\t\t\t\t<div class=\"elementor-widget-container\">\n\t\t\t\t\t<h2 class=\"elementor-heading-title elementor-size-default\">Liderazgo <br>con Integridad <\/h2>\t\t\t\t<\/div>\n\t\t\t\t<\/div>\n\t\t\t\t<div class=\"elementor-element elementor-element-511f77d elementor-widget elementor-widget-heading\" data-id=\"511f77d\" data-element_type=\"widget\" data-widget_type=\"heading.default\">\n\t\t\t\t<div class=\"elementor-widget-container\">\n\t\t\t\t\t<h2 class=\"elementor-heading-title elementor-size-default\">para la transformaci\u00f3n Social<\/h2>\t\t\t\t<\/div>\n\t\t\t\t<\/div>\n\t\t\t\t<\/div>\n\t\t\t\t<div class=\"elementor-element elementor-element-8b48793 elementor-widget elementor-widget-text-editor\" data-id=\"8b48793\" data-element_type=\"widget\" data-widget_type=\"text-editor.default\">\n\t\t\t\t<div class=\"elementor-widget-container\">\n\t\t\t\t\t\t\t\t\t<p>Reg\u00edstrese y comience con una sesi\u00f3n gratuita de consultor\u00eda empresarial o ll\u00e1menos: (+591) 750-21-681<\/p>\t\t\t\t\t\t\t\t<\/div>\n\t\t\t\t<\/div>\n\t\t\t\t<div class=\"elementor-element elementor-element-3986d16 elementor-widget elementor-widget-button\" data-id=\"3986d16\" data-element_type=\"widget\" data-widget_type=\"button.default\">\n\t\t\t\t<div class=\"elementor-widget-container\">\n\t\t\t\t\t\t\t\t\t<div class=\"elementor-button-wrapper\">\n\t\t\t\t\t<a class=\"elementor-button elementor-button-link elementor-size-sm\" href=\"https:\/\/fundalid.nuna.tech\/index.php\/contactanos\/\">\n\t\t\t\t\t\t<span class=\"elementor-button-content-wrapper\">\n\t\t\t\t\t\t\t\t\t<span class=\"elementor-button-text\">EMPEZAR AHORA<\/span>\n\t\t\t\t\t<\/span>\n\t\t\t\t\t<\/a>\n\t\t\t\t<\/div>\n\t\t\t\t\t\t\t\t<\/div>\n\t\t\t\t<\/div>\n\t\t\t\t<\/div>\n\t\t<div class=\"elementor-element elementor-element-73a3bff e-con-full elementor-hidden-mobile e-flex e-con e-child\" data-id=\"73a3bff\" data-element_type=\"container\">\n\t\t\t\t<\/div>\n\t\t\t\t<\/div>\n\t\t\t\t<\/div>\n\t\t<div class=\"elementor-element elementor-element-bd89661 e-con-full e-flex e-con e-parent\" data-id=\"bd89661\" data-element_type=\"container\">\n\t\t<div class=\"elementor-element elementor-element-2d0888b e-con-full e-flex e-con e-child\" data-id=\"2d0888b\" data-element_type=\"container\">\n\t\t<div class=\"elementor-element elementor-element-9b101bd e-con-full e-flex e-con e-child\" data-id=\"9b101bd\" data-element_type=\"container\">\n\t\t\t\t<div class=\"elementor-element elementor-element-55a5ff6 elementor-hidden-tablet elementor-hidden-mobile elementor-view-default elementor-widget elementor-widget-icon\" data-id=\"55a5ff6\" data-element_type=\"widget\" data-widget_type=\"icon.default\">\n\t\t\t\t<div class=\"elementor-widget-container\">\n\t\t\t\t\t\t\t<div class=\"elementor-icon-wrapper\">\n\t\t\t<div class=\"elementor-icon\">\n\t\t\t<svg xmlns=\"http:\/\/www.w3.org\/2000\/svg\" width=\"18\" height=\"89\" viewBox=\"0 0 18 89\" fill=\"none\"><rect width=\"18\" height=\"89\" fill=\"#008FD5\"><\/rect><\/svg>\t\t\t<\/div>\n\t\t<\/div>\n\t\t\t\t\t\t<\/div>\n\t\t\t\t<\/div>\n\t\t\t\t<div class=\"elementor-element elementor-element-0266740 elementor-widget elementor-widget-text-editor\" data-id=\"0266740\" data-element_type=\"widget\" data-widget_type=\"text-editor.default\">\n\t\t\t\t<div class=\"elementor-widget-container\">\n\t\t\t\t\t\t\t\t\t<p>\u00abEn un mundo que necesita l\u00edderes con valores, t\u00fa puedes ser parte de la soluci\u00f3n. \u00danete a nosotros y descubre c\u00f3mo tu liderazgo puede transformar Latinoam\u00e9rica.\u00bb<\/p>\t\t\t\t\t\t\t\t<\/div>\n\t\t\t\t<\/div>\n\t\t\t\t<\/div>\n\t\t<div class=\"elementor-element elementor-element-b663f24 e-con-full e-flex e-con e-child\" data-id=\"b663f24\" data-element_type=\"container\" data-settings=\"{&quot;background_background&quot;:&quot;classic&quot;}\">\n\t\t<div class=\"elementor-element elementor-element-ced8e59 e-con-full e-flex e-con e-child\" data-id=\"ced8e59\" data-element_type=\"container\">\n\t\t\t\t<div class=\"elementor-element elementor-element-e5919aa elementor-widget elementor-widget-heading\" data-id=\"e5919aa\" data-element_type=\"widget\" data-widget_type=\"heading.default\">\n\t\t\t\t<div class=\"elementor-widget-container\">\n\t\t\t\t\t<h2 class=\"elementor-heading-title elementor-size-default\">Bienvenidos  Fundalid<\/h2>\t\t\t\t<\/div>\n\t\t\t\t<\/div>\n\t\t\t\t<div class=\"elementor-element elementor-element-6ff21dc elementor-widget__width-initial elementor-widget elementor-widget-text-editor\" data-id=\"6ff21dc\" data-element_type=\"widget\" data-widget_type=\"text-editor.default\">\n\t\t\t\t<div class=\"elementor-widget-container\">\n\t\t\t\t\t\t\t\t\t<p>\u00abEn un mundo que necesita l\u00edderes con valores, t\u00fa puedes ser parte de la soluci\u00f3n. \u00danete a nosotros y descubre c\u00f3mo tu liderazgo puede transformar Latinoam\u00e9rica.\u00bb<\/p>\t\t\t\t\t\t\t\t<\/div>\n\t\t\t\t<\/div>\n\t\t\t\t<div class=\"elementor-element elementor-element-eb1b7ce elementor-mobile-align-center elementor-widget elementor-widget-button\" data-id=\"eb1b7ce\" data-element_type=\"widget\" data-widget_type=\"button.default\">\n\t\t\t\t<div class=\"elementor-widget-container\">\n\t\t\t\t\t\t\t\t\t<div class=\"elementor-button-wrapper\">\n\t\t\t\t\t<a class=\"elementor-button elementor-button-link elementor-size-sm\" href=\"https:\/\/fundalid.nuna.tech\/index.php\/contactanos\/\">\n\t\t\t\t\t\t<span class=\"elementor-button-content-wrapper\">\n\t\t\t\t\t\t\t\t\t<span class=\"elementor-button-text\">Reg\u00edstrate ahora<\/span>\n\t\t\t\t\t<\/span>\n\t\t\t\t\t<\/a>\n\t\t\t\t<\/div>\n\t\t\t\t\t\t\t\t<\/div>\n\t\t\t\t<\/div>\n\t\t\t\t<\/div>\n\t\t\t\t<\/div>\n\t\t\t\t<\/div>\n\t\t\t\t<\/div>\n\t\t<div class=\"elementor-element elementor-element-5435704 e-con-full e-flex e-con e-parent\" data-id=\"5435704\" data-element_type=\"container\">\n\t\t<div class=\"elementor-element elementor-element-9aa3ee3 e-con-full e-flex e-con e-child\" data-id=\"9aa3ee3\" data-element_type=\"container\">\n\t\t\t\t<div class=\"elementor-element elementor-element-527500d elementor-position-left elementor-vertical-align-middle elementor-view-default elementor-mobile-position-top elementor-widget elementor-widget-icon-box\" data-id=\"527500d\" data-element_type=\"widget\" data-widget_type=\"icon-box.default\">\n\t\t\t\t<div class=\"elementor-widget-container\">\n\t\t\t\t\t\t\t<div class=\"elementor-icon-box-wrapper\">\n\n\t\t\t\t\t\t<div class=\"elementor-icon-box-icon\">\n\t\t\t\t<span  class=\"elementor-icon\">\n\t\t\t\t<svg xmlns=\"http:\/\/www.w3.org\/2000\/svg\" width=\"19\" height=\"18\" viewBox=\"0 0 19 18\" fill=\"none\"><path d=\"M0.5 0H18.5V18H0.5V0Z\" fill=\"#CB9B2B\"><\/path><\/svg>\t\t\t\t<\/span>\n\t\t\t<\/div>\n\t\t\t\n\t\t\t\t\t\t<div class=\"elementor-icon-box-content\">\n\n\t\t\t\t\t\t\t\t\t<h3 class=\"elementor-icon-box-title\">\n\t\t\t\t\t\t<span  >\n\t\t\t\t\t\t\tConoce m\u00e1s sobre Fundalid\t\t\t\t\t\t<\/span>\n\t\t\t\t\t<\/h3>\n\t\t\t\t\n\t\t\t\t\n\t\t\t<\/div>\n\t\t\t\n\t\t<\/div>\n\t\t\t\t\t\t<\/div>\n\t\t\t\t<\/div>\n\t\t<div class=\"elementor-element elementor-element-e06218f e-con-full e-flex e-con e-child\" data-id=\"e06218f\" data-element_type=\"container\">\n\t\t\t\t<div class=\"elementor-element elementor-element-c9c87e8 elementor-widget__width-initial elementor-widget elementor-widget-heading\" data-id=\"c9c87e8\" data-element_type=\"widget\" data-widget_type=\"heading.default\">\n\t\t\t\t<div class=\"elementor-widget-container\">\n\t\t\t\t\t<h2 class=\"elementor-heading-title elementor-size-default\">Formando l\u00edderes de Integridad<\/h2>\t\t\t\t<\/div>\n\t\t\t\t<\/div>\n\t\t\t\t<\/div>\n\t\t\t\t<\/div>\n\t\t\t\t<\/div>\n\t\t<div class=\"elementor-element elementor-element-419f2d9 e-con-full e-flex e-con e-parent\" data-id=\"419f2d9\" data-element_type=\"container\">\n\t\t<div class=\"elementor-element elementor-element-2f1f89f e-con-full e-flex e-con e-child\" data-id=\"2f1f89f\" data-element_type=\"container\">\n\t\t<div class=\"elementor-element elementor-element-9431088 e-con-full e-flex e-con e-child\" data-id=\"9431088\" data-element_type=\"container\">\n\t\t\t\t<div class=\"elementor-element elementor-element-fe583fa elementor-widget elementor-widget-image\" data-id=\"fe583fa\" data-element_type=\"widget\" data-widget_type=\"image.default\">\n\t\t\t\t<div class=\"elementor-widget-container\">\n\t\t\t\t\t\t\t\t\t\t\t\t\t\t\t<img fetchpriority=\"high\" decoding=\"async\" width=\"800\" height=\"722\" src=\"https:\/\/fundalid.nuna.tech\/wp-content\/uploads\/2025\/03\/Group-49-1024x924.webp\" class=\"attachment-large size-large wp-image-87\" alt=\"\" srcset=\"https:\/\/fundalid.nuna.tech\/wp-content\/uploads\/2025\/03\/Group-49-1024x924.webp 1024w, https:\/\/fundalid.nuna.tech\/wp-content\/uploads\/2025\/03\/Group-49-300x271.webp 300w, https:\/\/fundalid.nuna.tech\/wp-content\/uploads\/2025\/03\/Group-49-768x693.webp 768w, https:\/\/fundalid.nuna.tech\/wp-content\/uploads\/2025\/03\/Group-49-1536x1386.webp 1536w, https:\/\/fundalid.nuna.tech\/wp-content\/uploads\/2025\/03\/Group-49-2048x1848.webp 2048w\" sizes=\"(max-width: 800px) 100vw, 800px\" \/>\t\t\t\t\t\t\t\t\t\t\t\t\t\t\t<\/div>\n\t\t\t\t<\/div>\n\t\t\t\t<\/div>\n\t\t<div class=\"elementor-element elementor-element-8f51de5 e-con-full e-flex e-con e-child\" data-id=\"8f51de5\" data-element_type=\"container\">\n\t\t\t\t<div class=\"elementor-element elementor-element-79388cf elementor-position-left elementor-view-default elementor-mobile-position-top elementor-vertical-align-top elementor-widget elementor-widget-icon-box\" data-id=\"79388cf\" data-element_type=\"widget\" data-widget_type=\"icon-box.default\">\n\t\t\t\t<div class=\"elementor-widget-container\">\n\t\t\t\t\t\t\t<div class=\"elementor-icon-box-wrapper\">\n\n\t\t\t\t\t\t<div class=\"elementor-icon-box-icon\">\n\t\t\t\t<span  class=\"elementor-icon\">\n\t\t\t\t<svg xmlns=\"http:\/\/www.w3.org\/2000\/svg\" width=\"51\" height=\"51\" viewBox=\"0 0 51 51\" fill=\"none\"><rect width=\"51\" height=\"51\" fill=\"#CB9B2B\" fill-opacity=\"0.1\"><\/rect><path d=\"M40 24.72V26.008C39.9983 29.027 39.0207 31.9646 37.2131 34.3826C35.4054 36.8006 32.8646 38.5695 29.9695 39.4255C27.0744 40.2815 23.9802 40.1787 21.1483 39.1324C18.3164 38.0862 15.8985 36.1525 14.2553 33.6199C12.6122 31.0873 11.8317 28.0913 12.0303 25.0788C12.229 22.0664 13.3961 19.1989 15.3576 16.9039C17.3191 14.609 19.9699 13.0095 22.9147 12.3442C25.8594 11.6789 28.9404 11.9833 31.698 13.212\" stroke=\"#CB9B2B\" stroke-width=\"2\" stroke-linecap=\"round\" stroke-linejoin=\"round\"><\/path><path d=\"M40.0008 14.8086L26.0008 28.8226L21.8008 24.6226\" stroke=\"#CB9B2B\" stroke-width=\"2\" stroke-linecap=\"round\" stroke-linejoin=\"round\"><\/path><\/svg>\t\t\t\t<\/span>\n\t\t\t<\/div>\n\t\t\t\n\t\t\t\t\t\t<div class=\"elementor-icon-box-content\">\n\n\t\t\t\t\t\t\t\t\t<h3 class=\"elementor-icon-box-title\">\n\t\t\t\t\t\t<span  >\n\t\t\t\t\t\t\tFundada para Empoderar\t\t\t\t\t\t<\/span>\n\t\t\t\t\t<\/h3>\n\t\t\t\t\n\t\t\t\t\t\t\t\t\t<p class=\"elementor-icon-box-description\">\n\t\t\t\t\t\tEn Fundalid LATAM empoderamos a l\u00edderes que transforman sus comunidades y construyen un futuro mejor para el pa\u00eds.\t\t\t\t\t<\/p>\n\t\t\t\t\n\t\t\t<\/div>\n\t\t\t\n\t\t<\/div>\n\t\t\t\t\t\t<\/div>\n\t\t\t\t<\/div>\n\t\t\t\t<div class=\"elementor-element elementor-element-6bb7740 elementor-position-left elementor-view-default elementor-mobile-position-top elementor-vertical-align-top elementor-widget elementor-widget-icon-box\" data-id=\"6bb7740\" data-element_type=\"widget\" data-widget_type=\"icon-box.default\">\n\t\t\t\t<div class=\"elementor-widget-container\">\n\t\t\t\t\t\t\t<div class=\"elementor-icon-box-wrapper\">\n\n\t\t\t\t\t\t<div class=\"elementor-icon-box-icon\">\n\t\t\t\t<span  class=\"elementor-icon\">\n\t\t\t\t<svg xmlns=\"http:\/\/www.w3.org\/2000\/svg\" width=\"51\" height=\"51\" viewBox=\"0 0 51 51\" fill=\"none\"><rect width=\"51\" height=\"51\" fill=\"#CB9B2B\" fill-opacity=\"0.1\"><\/rect><path d=\"M40 24.72V26.008C39.9983 29.027 39.0207 31.9646 37.2131 34.3826C35.4054 36.8006 32.8646 38.5695 29.9695 39.4255C27.0744 40.2815 23.9802 40.1787 21.1483 39.1324C18.3164 38.0862 15.8985 36.1525 14.2553 33.6199C12.6122 31.0873 11.8317 28.0913 12.0303 25.0788C12.229 22.0664 13.3961 19.1989 15.3576 16.9039C17.3191 14.609 19.9699 13.0095 22.9147 12.3442C25.8594 11.6789 28.9404 11.9833 31.698 13.212\" stroke=\"#CB9B2B\" stroke-width=\"2\" stroke-linecap=\"round\" stroke-linejoin=\"round\"><\/path><path d=\"M40.0008 14.8086L26.0008 28.8226L21.8008 24.6226\" stroke=\"#CB9B2B\" stroke-width=\"2\" stroke-linecap=\"round\" stroke-linejoin=\"round\"><\/path><\/svg>\t\t\t\t<\/span>\n\t\t\t<\/div>\n\t\t\t\n\t\t\t\t\t\t<div class=\"elementor-icon-box-content\">\n\n\t\t\t\t\t\t\t\t\t<h3 class=\"elementor-icon-box-title\">\n\t\t\t\t\t\t<span  >\n\t\t\t\t\t\t\tInnovaci\u00f3n en Liderazgo\t\t\t\t\t\t<\/span>\n\t\t\t\t\t<\/h3>\n\t\t\t\t\n\t\t\t\t\t\t\t\t\t<p class=\"elementor-icon-box-description\">\n\t\t\t\t\t\tNuestros programas combinan metodolog\u00edas innovadoras con valores \u00e9ticos para formar l\u00edderes capaces de enfrentar los desaf\u00edos del siglo XXI.\t\t\t\t\t<\/p>\n\t\t\t\t\n\t\t\t<\/div>\n\t\t\t\n\t\t<\/div>\n\t\t\t\t\t\t<\/div>\n\t\t\t\t<\/div>\n\t\t\t\t<div class=\"elementor-element elementor-element-ca572c0 elementor-position-left elementor-view-default elementor-mobile-position-top elementor-vertical-align-top elementor-widget elementor-widget-icon-box\" data-id=\"ca572c0\" data-element_type=\"widget\" data-widget_type=\"icon-box.default\">\n\t\t\t\t<div class=\"elementor-widget-container\">\n\t\t\t\t\t\t\t<div class=\"elementor-icon-box-wrapper\">\n\n\t\t\t\t\t\t<div class=\"elementor-icon-box-icon\">\n\t\t\t\t<span  class=\"elementor-icon\">\n\t\t\t\t<svg xmlns=\"http:\/\/www.w3.org\/2000\/svg\" width=\"51\" height=\"51\" viewBox=\"0 0 51 51\" fill=\"none\"><rect width=\"51\" height=\"51\" fill=\"#CB9B2B\" fill-opacity=\"0.1\"><\/rect><path d=\"M40 24.72V26.008C39.9983 29.027 39.0207 31.9646 37.2131 34.3826C35.4054 36.8006 32.8646 38.5695 29.9695 39.4255C27.0744 40.2815 23.9802 40.1787 21.1483 39.1324C18.3164 38.0862 15.8985 36.1525 14.2553 33.6199C12.6122 31.0873 11.8317 28.0913 12.0303 25.0788C12.229 22.0664 13.3961 19.1989 15.3576 16.9039C17.3191 14.609 19.9699 13.0095 22.9147 12.3442C25.8594 11.6789 28.9404 11.9833 31.698 13.212\" stroke=\"#CB9B2B\" stroke-width=\"2\" stroke-linecap=\"round\" stroke-linejoin=\"round\"><\/path><path d=\"M40.0008 14.8086L26.0008 28.8226L21.8008 24.6226\" stroke=\"#CB9B2B\" stroke-width=\"2\" stroke-linecap=\"round\" stroke-linejoin=\"round\"><\/path><\/svg>\t\t\t\t<\/span>\n\t\t\t<\/div>\n\t\t\t\n\t\t\t\t\t\t<div class=\"elementor-icon-box-content\">\n\n\t\t\t\t\t\t\t\t\t<h3 class=\"elementor-icon-box-title\">\n\t\t\t\t\t\t<span  >\n\t\t\t\t\t\t\tAltas Tasas de Impacto\t\t\t\t\t\t<\/span>\n\t\t\t\t\t<\/h3>\n\t\t\t\t\n\t\t\t\t\t\t\t\t\t<p class=\"elementor-icon-box-description\">\n\t\t\t\t\t\tMiles de l\u00edderes han sido formados en Latinoam\u00e9rica impactando positivamente en comunidades y organizaciones.\t\t\t\t\t<\/p>\n\t\t\t\t\n\t\t\t<\/div>\n\t\t\t\n\t\t<\/div>\n\t\t\t\t\t\t<\/div>\n\t\t\t\t<\/div>\n\t\t\t\t<\/div>\n\t\t\t\t<\/div>\n\t\t\t\t<\/div>\n\t\t<div class=\"elementor-element elementor-element-b42a2fb e-flex e-con-boxed e-con e-parent\" data-id=\"b42a2fb\" data-element_type=\"container\" data-settings=\"{&quot;background_background&quot;:&quot;classic&quot;}\">\n\t\t\t\t\t<div class=\"e-con-inner\">\n\t\t<div class=\"elementor-element elementor-element-0e36164 e-con-full e-flex e-con e-child\" data-id=\"0e36164\" data-element_type=\"container\">\n\t\t\t\t<div class=\"elementor-element elementor-element-64d2015 elementor-widget__width-initial elementor-widget elementor-widget-heading\" data-id=\"64d2015\" data-element_type=\"widget\" data-widget_type=\"heading.default\">\n\t\t\t\t<div class=\"elementor-widget-container\">\n\t\t\t\t\t<h2 class=\"elementor-heading-title elementor-size-default\">\u00bfListo para ser parte del cambio? Descubre c\u00f3mo puedes unirte a nuestra red de l\u00edderes transformadores.<\/h2>\t\t\t\t<\/div>\n\t\t\t\t<\/div>\n\t\t\t\t<div class=\"elementor-element elementor-element-605c8de elementor-widget elementor-widget-button\" data-id=\"605c8de\" data-element_type=\"widget\" data-widget_type=\"button.default\">\n\t\t\t\t<div class=\"elementor-widget-container\">\n\t\t\t\t\t\t\t\t\t<div class=\"elementor-button-wrapper\">\n\t\t\t\t\t<a class=\"elementor-button elementor-button-link elementor-size-sm\" href=\"https:\/\/fundalid.nuna.tech\/index.php\/contactanos\/\">\n\t\t\t\t\t\t<span class=\"elementor-button-content-wrapper\">\n\t\t\t\t\t\t\t\t\t<span class=\"elementor-button-text\">\u00daNETE AHORA<\/span>\n\t\t\t\t\t<\/span>\n\t\t\t\t\t<\/a>\n\t\t\t\t<\/div>\n\t\t\t\t\t\t\t\t<\/div>\n\t\t\t\t<\/div>\n\t\t\t\t<\/div>\n\t\t\t\t\t<\/div>\n\t\t\t\t<\/div>\n\t\t<div class=\"elementor-element elementor-element-b508c65 e-con-full e-flex e-con e-parent\" data-id=\"b508c65\" data-element_type=\"container\" data-settings=\"{&quot;background_background&quot;:&quot;classic&quot;}\">\n\t\t<div class=\"elementor-element elementor-element-eb1a83c e-con-full e-flex e-con e-child\" data-id=\"eb1a83c\" data-element_type=\"container\">\n\t\t\t\t<div class=\"elementor-element elementor-element-4c11ec2 elementor-position-left elementor-vertical-align-middle elementor-view-default elementor-mobile-position-top elementor-widget elementor-widget-icon-box\" data-id=\"4c11ec2\" data-element_type=\"widget\" data-widget_type=\"icon-box.default\">\n\t\t\t\t<div class=\"elementor-widget-container\">\n\t\t\t\t\t\t\t<div class=\"elementor-icon-box-wrapper\">\n\n\t\t\t\t\t\t<div class=\"elementor-icon-box-icon\">\n\t\t\t\t<span  class=\"elementor-icon\">\n\t\t\t\t<svg xmlns=\"http:\/\/www.w3.org\/2000\/svg\" width=\"19\" height=\"18\" viewBox=\"0 0 19 18\" fill=\"none\"><path d=\"M0.5 0H18.5V18H0.5V0Z\" fill=\"#CB9B2B\"><\/path><\/svg>\t\t\t\t<\/span>\n\t\t\t<\/div>\n\t\t\t\n\t\t\t\t\t\t<div class=\"elementor-icon-box-content\">\n\n\t\t\t\t\t\t\t\t\t<h3 class=\"elementor-icon-box-title\">\n\t\t\t\t\t\t<span  >\n\t\t\t\t\t\t\tFundalid LATAM\t\t\t\t\t\t<\/span>\n\t\t\t\t\t<\/h3>\n\t\t\t\t\n\t\t\t\t\n\t\t\t<\/div>\n\t\t\t\n\t\t<\/div>\n\t\t\t\t\t\t<\/div>\n\t\t\t\t<\/div>\n\t\t<div class=\"elementor-element elementor-element-d0a04ee e-con-full e-flex e-con e-child\" data-id=\"d0a04ee\" data-element_type=\"container\">\n\t\t\t\t<div class=\"elementor-element elementor-element-d894388 elementor-widget elementor-widget-heading\" data-id=\"d894388\" data-element_type=\"widget\" data-widget_type=\"heading.default\">\n\t\t\t\t<div class=\"elementor-widget-container\">\n\t\t\t\t\t<h2 class=\"elementor-heading-title elementor-size-default\">Fundalid en Latinoam\u00e9rica<\/h2>\t\t\t\t<\/div>\n\t\t\t\t<\/div>\n\t\t\t\t<div class=\"elementor-element elementor-element-eb57d46 elementor-widget__width-initial elementor-widget elementor-widget-text-editor\" data-id=\"eb57d46\" data-element_type=\"widget\" data-widget_type=\"text-editor.default\">\n\t\t\t\t<div class=\"elementor-widget-container\">\n\t\t\t\t\t\t\t\t\t<p><strong><span style=\"color: #cb9b2b;\">FUNDALID<\/span> <\/strong>ha impactado a nivel global en \u00e1reas clave como gobierno, educaci\u00f3n, negocios y sociedad, desarrollando m\u00e1s de<strong><span style=\"color: #cb9b2b;\"> 25,000 l\u00edderes en \u00c1frica, Am\u00e9rica, Europa y Asia.<\/span><\/strong> Ahora, su visi\u00f3n de transformaci\u00f3n y liderazgo \u00edntegro llega a <strong><span style=\"color: #cb9b2b;\">Bolivia<\/span> <\/strong>para fortalecer el cambio en todos los sectores estrat\u00e9gicos.<\/p>\t\t\t\t\t\t\t\t<\/div>\n\t\t\t\t<\/div>\n\t\t\t\t<\/div>\n\t\t\t\t<div class=\"elementor-element elementor-element-637c009 elementor-widget elementor-widget-image\" data-id=\"637c009\" data-element_type=\"widget\" data-widget_type=\"image.default\">\n\t\t\t\t<div class=\"elementor-widget-container\">\n\t\t\t\t\t\t\t\t\t\t\t\t\t\t\t<img decoding=\"async\" width=\"800\" height=\"515\" src=\"https:\/\/fundalid.nuna.tech\/wp-content\/uploads\/2025\/04\/section-3-1024x659.webp\" class=\"attachment-large size-large wp-image-617\" alt=\"\" srcset=\"https:\/\/fundalid.nuna.tech\/wp-content\/uploads\/2025\/04\/section-3-1024x659.webp 1024w, https:\/\/fundalid.nuna.tech\/wp-content\/uploads\/2025\/04\/section-3-300x193.webp 300w, https:\/\/fundalid.nuna.tech\/wp-content\/uploads\/2025\/04\/section-3-768x494.webp 768w, https:\/\/fundalid.nuna.tech\/wp-content\/uploads\/2025\/04\/section-3-1536x989.webp 1536w, https:\/\/fundalid.nuna.tech\/wp-content\/uploads\/2025\/04\/section-3-2048x1319.webp 2048w\" sizes=\"(max-width: 800px) 100vw, 800px\" \/>\t\t\t\t\t\t\t\t\t\t\t\t\t\t\t<\/div>\n\t\t\t\t<\/div>\n\t\t\t\t<\/div>\n\t\t\t\t<\/div>\n\t\t\t\t<\/div>\n\t\t","protected":false},"excerpt":{"rendered":"<p>Liderazgo con Integridad para la transformaci\u00f3n Social Reg\u00edstrese y comience con una sesi\u00f3n gratuita de consultor\u00eda empresarial o ll\u00e1menos: (+591) 750-21-681 EMPEZAR AHORA \u00abEn un mundo que necesita l\u00edderes con valores, t\u00fa puedes ser parte de la soluci\u00f3n. \u00danete a nosotros y descubre c\u00f3mo tu liderazgo puede transformar Latinoam\u00e9rica.\u00bb Bienvenidos Fundalid \u00abEn un mundo que [&hellip;]<\/p>\n","protected":false},"author":1,"featured_media":0,"parent":0,"menu_order":0,"comment_status":"closed","ping_status":"closed","template":"","meta":{"footnotes":""},"class_list":["post-12","page","type-page","status-publish","hentry"],"_links":{"self":[{"href":"https:\/\/fundalid.nuna.tech\/index.php\/wp-json\/wp\/v2\/pages\/12","targetHints":{"allow":["GET"]}}],"collection":[{"href":"https:\/\/fundalid.nuna.tech\/index.php\/wp-json\/wp\/v2\/pages"}],"about":[{"href":"https:\/\/fundalid.nuna.tech\/index.php\/wp-json\/wp\/v2\/types\/page"}],"author":[{"embeddable":true,"href":"https:\/\/fundalid.nuna.tech\/index.php\/wp-json\/wp\/v2\/users\/1"}],"replies":[{"embeddable":true,"href":"https:\/\/fundalid.nuna.tech\/index.php\/wp-json\/wp\/v2\/comments?post=12"}],"version-history":[{"count":130,"href":"https:\/\/fundalid.nuna.tech\/index.php\/wp-json\/wp\/v2\/pages\/12\/revisions"}],"predecessor-version":[{"id":626,"href":"https:\/\/fundalid.nuna.tech\/index.php\/wp-json\/wp\/v2\/pages\/12\/revisions\/626"}],"wp:attachment":[{"href":"https:\/\/fundalid.nuna.tech\/index.php\/wp-json\/wp\/v2\/media?parent=12"}],"curies":[{"name":"wp","href":"https:\/\/api.w.org\/{rel}","templated":true}]}}